uppose 5*q + 9 + 1 = -4*x, 0 = -q - 2. Suppose 13*r - 8*r - 3*u - 7322 = x, -7324 = -5*r + u. List the prime factors of r.
5, 293
Suppose 9*k = 7*k + 10. Let a be 26/(-10) - 2/k. List the prime factors of (-36)/(5/a + 1).
2, 3
Let u = 12918 + -8229. Suppose 0 = -0*l - 9*l + u. List the prime factors of l.
521
Let s be 15/90 - (-57)/(-18). Let k(c) = 154*c**2 + 2*c + 4. List the prime factors of k(s).
2, 173
Let x = 21285 - 577. What are the prime factors of x?
2, 31, 167
Let w = -39 - -30. Let i(k) = -k - 10. Let x be i(w). What are the prime factors of -1 + (-1)/x - (-3 - 106)?
109
Suppose 9*h - 14*h = -5*q - 99410, 6*h = -q + 119341. What are the prime factors of h?
19889
Let p = 1871 - -12570. What are the prime factors of p?
7, 2063
Suppose -32 = -0*a - a - 3*n, -4*a + 2*n + 100 = 0. Let b be (a/(-6))/((-3 + 4)/(-12)). Let d = 41 + b. List the prime factors of d.
3, 31
Suppose 142*f - 3512955 = -468049. What are the prime factors of f?
41, 523
Suppose -2*m - 38*r + 34*r + 25042 = 0, 0 = -5*m + r + 62671. List the prime factors of m.
83, 151
Suppose 9*h - 16*h + 317898 = 0. List the prime factors of (-9)/12 + h/72.
2, 3, 5, 7
Let x(o) = -o**3 - 8*o**2 - 10*o - 17. Let b be x(-7). Let h be 3/((b/(-10)*3)/(-4)). Suppose 8 = -h*r + 548. What are the prime factors of r?
2, 3
Suppose -351*t + 349*t = y - 12076, 0 = -t. List the prime factors of y.
2, 3019
Suppose 0 = 12*q - 31 - 29. Let c = -16 - -69. Suppose -2*g - 5*p + c = 0, 2*g + 2*g - 121 = q*p. List the prime factors of g.
29
Suppose -4*p = 2*o - 24, 3*p - 9 - 4 = o. Suppose 14 = z + o*x, -z + 30 - 6 = 4*x. What are the prime factors of -17*8*(33/z)/(-11)?
2, 3, 17
Suppose 3*f + 9468 = 4*l - 3431, -4*l + 21493 = -5*f. Let p = -2903 - f. List the prime factors of p.
2, 17, 41
Let f(l) = -6*l + 36. Let u be 1*-2 - (-45)/5. Let r be f(u). What are the prime factors of 586/6 + -2 + (-8)/r?
97
Let i(w) = -295*w - 5425. What are the prime factors of i(-141)?
2, 5, 3617
Suppose -389 = -9*w - 1946. Let j = 500 - w. List the prime factors of j.
673
Let t = 65 - 62. Suppose -t*g - 76 = -m + 76, -4 = 2*g. What are the prime factors of m?
2, 73
Let l = 1106 + 7358. What are the prime factors of l?
2, 23
List the prime factors of 1/(242604/17328 - 14).
2, 19
Suppose 0 = -3*i - u - 17, -6 = 2*i + 5*u + 1. Let l be (-1 - 11)/i + 9. Suppose l*b - 502 = 70. What are the prime factors of b?
2, 13
Suppose 4*m = -n + 11, m + 3*n = 2*n + 5. Suppose -4*q = o - 1570, 0 = -2*q - m*o + 5*o + 792. What are the prime factors of q?
3, 131
Suppose 3*b = -a + 3594, -4*a + 10774 = 2*b - 3602. What are the prime factors of a?
2, 3, 599
Suppose 72016 = 2*b - 0*b + 5*w, -4*b + 143988 = -w. What are the prime factors of b?
2, 41, 439
Suppose 2972*g = 2973*g - 3*o - 820, -4*g = 2*o - 3224. What are the prime factors of g?
2, 101
Let h(n) = n + 21*n**2 - n**3 + 25*n**2 - 12 - 41*n**2 + 4. What are the prime factors of h(2)?
2, 3
Suppose 64096 = -48*p + 167872. List the prime factors of p.
2, 23, 47
Suppose -1431 = 7*s - 6247. Let k be ((-2)/(-1))/(2 + (-1380)/s). List the prime factors of -5 - k/10 - (-3)/5.
2, 3, 5
Suppose 5*x - x + 190 = -2*v, 4*x + 193 = v. Let u be (1/3 - 0)/((-4)/x). Suppose u*s = -k + 42 + 13, -2*s = 2*k - 92. List the prime factors of k.
43
Let w = 849 + -849. Suppose 5*h - 3*a - 6040 = w, a - 1174 = 5*h - 7204. What are the prime factors of h?
5, 241
Suppose 27 = -24*q + 27*q. Suppose 7*r + 1256 = q*r. What are the prime factors of r?
2, 157
Let f(r) = -5*r**3 - 8*r**2 + 26. List the prime factors of f(-5).
11, 41
Suppose -n + 74 = -3*k, 7*k - 281 = -4*n + 4*k. Let t = n + -71. List the prime factors of 0 - t - (15 - 74).
59
Let u(h) = -6*h**3 + 7*h**2 - 75*h - 561. List the prime factors of u(-14).
5, 733
List the prime factors of (-14 - 4)*(-14 - -2304)*-1.
2, 3, 5, 229
Suppose 3*d - 2*d = u - 1936, -3900 = -2*u - 5*d. Suppose -13*f + u = 4*x - 14*f, -x + 2*f = -485. What are the prime factors of x?
5, 97
Suppose 179*w - 212*w + 231396 = 0. List the prime factors of w.
2, 1753
Let q(m) = m**3 + m**2 + 35*m + 120. List the prime factors of q(20).
2, 5, 461
Suppose -2*d = 3*c + 124, 8*d = 3*c + 5*d + 129. Let v be (2/(-6) + -1)/(c/(-126)). What are the prime factors of 151/(-2)*v*(-5)/(-10)?
151
Suppose -3 = v + 3*u, -2*u = 2*v - u + 1. Suppose v = 20*r - 14*r - 1038. What are the prime factors of r?
173
Let v(f) = f**3 - 48*f**2 - 130*f - 16. List the prime factors of v(52).
2, 5, 101
Let a = -12506 + 23698. List the prime factors of a.
2, 1399
Suppose -113*l = -5*f - 117*l + 928, 0 = f + 5*l - 173. Let i be 86/6 - 2/(-3). Let r = f + i. List the prime factors of r.
7, 29
Let f(n) be the first derivative of n**2/2 - 8*n + 29. Let y be f(10). What are the prime factors of y*3/(-39) - 12620/(-65)?
2, 97
Suppose -26*m - 1 + 53 = 0. Suppose 0 = 5*c - 2*i - 502, -4*c - m*i + 172 + 244 = 0. What are the prime factors of c?
2, 3, 17
Let i = 104 - 49. Let u(p) = 7*p + 30*p**2 + 5 + 31*p**2 + p**3 - i*p**2. List the prime factors of u(-2).
7
What are the prime factors of (592 + -586)/((-14)/49 + 77401/270830)?
2, 5, 53, 73
Let d be (-10)/(-50) - (-8)/(-20)*103. Let y(r) = -r**2 - 53*r + 92. What are the prime factors of y(d)?
2, 73
Let g(l) = 455*l - 5759. What are the prime factors of g(121)?
2, 3, 13, 79
Let v be 2185/475 + 1*4/10. Let g(p) = 47*p - 46. What are the prime factors of g(v)?
3, 7
Let p(o) = 1 + 4*o + 0*o**2 - o**2 - 5*o**3 - o + 2. Let b be p(-4). Let t = b - 167. What are the prime factors of t?
2
Suppose -6*b + 331 + 779 = 0. Suppose -43 = r - b. Let y = -75 + r. What are the prime factors of y?
67
Let f(g) = -3*g - 7*g**2 - 18 + g - g**3 + 0*g**2 - g. Let r be f(-7). Suppose -4*m + r*t = -515, 8*t - 4*t = -5*m + 605. List the prime factors of m.
5
What are the prime factors of ((-5)/(-30) - 1634003/(-42)) + 0?
5, 31, 251
Suppose 11*o = 9*o - 64. Suppose -d - b = 35 + 118, -3*b + 483 = -3*d. Let s = o - d. What are the prime factors of s?
5
Let a(j) = 37*j**2 + 102*j - 757. What are the prime factors of a(35)?
2, 3, 71, 113
Suppose -2*u - 124 = -2*v, -v - 42 + 110 = u. Let c = 173 - v. List the prime factors of c.
2, 3
Let y = -154 - -2559. List the prime factors of y.
5, 13, 37
Suppose -2*z + 4*t + 5721 = -6077, 3*t - 29495 = -5*z. What are the prime factors of z?
17, 347
Suppose 25*q = -5495 - 2380. List the prime factors of (-1206)/q*5*14.
2, 67
Let p(g) = -12*g + 0*g**2 + 10*g + 2*g**2 - 1 - 11*g. Let d be p(10). Suppose -6 = -s + d. List the prime factors of s.
3, 5
Let c be (-46)/(((-228)/112 + 2)*-2). Let z = -412 - c. What are the prime factors of z?
2, 29
Suppose 0 = -0*z + 4*z - 32. Suppose 0 = z*g + 12 - 316. Suppose 2*n - g = 4*r - 0, -41 = -2*n + 5*r. List the prime factors of n.
13
Let v = 429 + -516. Let d = 643 - v. List the prime factors of d.
2, 5, 73
Suppose -35*h = -41*h + 3750. List the prime factors of h.
5
Let o = 585 + -382. Suppose -o = 40*u - 17163. What are the prime factors of u?
2, 53
Let z(m) = -11*m + 10. Suppose -36*k = -35*k - 7. Let f be z(k). Let s = f - -198. What are the prime factors of s?
131
Let z(f) = 13*f**2 - 52*f - 393. What are the prime factors of z(31)?
2, 3, 19, 23
Let h(u) = -5*u - 35. Let a be h(-7). List the prime factors of (-13)/(195/20)*(-135 + a).
2, 3, 5
Let y = -1884 - -3273. Suppose -5443 - y = -4*q. List the prime factors of q.
2, 7, 61
Let d(l) = 8*l**2 + 287*l - 68. List the prime factors of d(-108).
2, 31, 251
Let d(r) = 4*r + 30. Let u be d(12). Suppose 5*f + 155 = 2*p + 571, -f + u = -3*p. Suppose f*y + 188 = 88*y. What are the prime factors of y?
47
Let z(d) = 2*d + 8. Let r be z(-4). Suppose -24*i + 22*i + 2 = r. What are the prime factors of 2232/14 + 6/(-14)*i?
3, 53
Let z = -12 + 10. Let m(v) = -v**2 + 4. Let b be m(z). Suppose 99*d - 101*d + 284 = b. What are the prime factors of d?
2, 71
Suppose -58*k - 400055 + 1114755 + 363810 = 0. List the prime factors of k.
5, 3719
Suppose -12 = j - f + 4, 72 = -5*j + 3*f. What are the prime factors of (-11 - j)*-2*1 + 477?
5, 19
Let v = 50 - 50. Suppose v = -y + 25 - 19. What are the prime factors of y?
2, 3
Suppose 0*n + n = -140. Let h = 111 - n. Suppose -3*v = -5*r - 301, -3*r + h = 3*v + 2*r. What are the prime factors of v?
2, 23
Suppose 399 - 126 = -7*y. Let l be 0 + 2*(